 + 2629. Let z = 1802 + y. Suppose -12*f + z = -6. List the prime factors of f.
61
Suppose 3*r - 4196 = 3*a + 805, 2*a = 6. What are the prime factors of r?
2, 5, 167
Suppose -84*j + 177550 = -59*j. What are the prime factors of j?
2, 53, 67
Let m be 222/(0 + 4 + -2). Let f be (-7)/14*(-10 + -604). Let c = f - m. What are the prime factors of c?
2, 7
Let c be (1 - -2)/(-1)*10/6. Let f = c - 15. List the prime factors of 218/6 - (f/3 + 6).
37
What are the prime factors of (1480720/(-581))/(2/7*-1)?
2, 5, 223
Suppose g - 74*g + 1626864 + 985368 = 0. List the prime factors of g.
2, 3, 7, 71
What are the prime factors of (27742/(21 + -8))/((-4)/(-10))?
5, 11, 97
Suppose -3 = 29*p - 26*p. Let g be -15 - p/2*(2 - 4). List the prime factors of ((-4)/6)/(g/3432).
11, 13
Let c = 6418 - 4089. List the prime factors of c.
17, 137
Let f = -459 - -469. Suppose u - 4*t - 1238 = 0, -u - 7*t + f*t = -1238. What are the prime factors of u?
2, 619
Suppose -2*h - p = -450 - 1022, 4*h + 4*p = 2952. What are the prime factors of h?
2, 367
Let d(k) = 10*k - 14. Let b be d(-8). Let p = b - -528. What are the prime factors of p?
2, 7, 31
Let t(z) = 130*z**2 - 14*z + 141. What are the prime factors of t(15)?
3, 71, 137
Let v(r) be the first derivative of -3/2*r**2 + 14 + 11*r**3 - 2*r. What are the prime factors of v(2)?
2, 31
Let f(w) = 0*w**2 - 6*w**3 - 6*w - 6*w**3 + 13 + 11*w**3 + 3*w**2. What are the prime factors of f(-6)?
373
Suppose 25*f = 21*f - 14*f. Suppose 0 = -4*h - 3*t + 37, 0*h - 5*h + 80 = -3*t. Suppose f = -17*p + h*p + 384. List the prime factors of p.
2, 3
What are the prime factors of (-5)/(-20) - (-4145)/(-40)*-166?
2, 3, 47, 61
Suppose -7*i + 6 = -5*i. Suppose -i*z = -86 - 142. What are the prime factors of z?
2, 19
Suppose 10034 + 9637 = 2*m - 5*l, l + 19651 = 2*m. List the prime factors of m.
11, 19, 47
Suppose 0 = 3*a - u - 153, -4*a + 2*u = u - 204. Let g = -51 + a. Suppose -v + 126 = -g. What are the prime factors of v?
2, 3, 7
Let z(n) = -n**3 - 11*n**2 - 11*n + 43. Let u be z(-9). List the prime factors of -2 + (6/8 - 7945/u).
2, 3, 11
Suppose -9*o = 20*o - 10*o - 311980. What are the prime factors of o?
2, 5, 821
What are the prime factors of ((-302)/(-11))/(88/226028)?
151, 467
Let b = -1480 - -3874. Let o = -470 + b. What are the prime factors of o?
2, 13, 37
What are the prime factors of (-2)/(48/(-1499112)*3)?
47, 443
Let y = 33 + 5. Let c = 39 - y. What are the prime factors of (-1)/3 + (c - 8/(-6))?
2
Suppose -50*g + 53*g - 7308 = 0. Suppose -5*s = -26*s + g. What are the prime factors of s?
2, 29
Let p = -506 - -551. Suppose -52*l + p*l = -840. What are the prime factors of l?
2, 3, 5
Suppose 0 = -57*y + 258886 + 101468. What are the prime factors of y?
2, 29, 109
Suppose 210 = 4*o - 7*w + 10*w, -6 = 3*w. What are the prime factors of o?
2, 3
What are the prime factors of (751 + -37)/(3/6)?
2, 3, 7, 17
What are the prime factors of 4518 + 1/6*-2 + 476/(-714)?
4517
Suppose 559*g - 31291124 = 3*g. List the prime factors of g.
167, 337
Let c = 147 - 104. Let v = c - 30. Suppose m - v = -4. What are the prime factors of m?
3
Let v be 520/(-312)*-3*417. Let x = -950 + v. List the prime factors of x.
5, 227
Let g be (-2 - 1)*(0 - (-4)/(-6)). Suppose 2 = g*q + 2. Suppose -173 = -2*o - v - q*v, -o = -v - 94. List the prime factors of o.
89
Suppose -3*n + 204 = -23*p + 22*p, -4*p - 2*n = 872. List the prime factors of (1*33)/(p/(-3528)).
7, 11
Let w = 72 + -67. Suppose 0 = 3*t - w*t + 668. What are the prime factors of t?
2, 167
What are the prime factors of (-2201290)/(-154) - 8/88?
2, 7, 1021
Suppose -11 = 5*w - 36. Suppose 0 = 3*y - 2*l - 320, 5*y - w*l - 170 - 370 = 0. What are the prime factors of y?
2, 13
Let n(d) = -8*d - 10. Let h be n(-2). Suppose -5*w + 552 = 4*a, h*w - 7*w + 5*a = -122. List the prime factors of w.
2, 7
Let b(n) = -20*n + 19. Suppose 3*s + h = 33, -2*s = s - 2*h - 42. Let q = -18 + s. What are the prime factors of b(q)?
139
Suppose 2*p - r - 4786 - 33337 = 0, 3*r = 3*p - 57183. What are the prime factors of p?
2, 3, 353
Let y be ((-13)/(-2))/((0 + 7)/(-14)). Let p = 37 + y. Suppose 111 = 27*g - p*g. What are the prime factors of g?
37
Let x = 18438 + -2104. What are the prime factors of x?
2, 8167
Suppose -11844 = 656*n - 658*n. What are the prime factors of n?
2, 3, 7, 47
Let w(t) = -t**3 - 9*t**2 + 15*t + 246. List the prime factors of w(-9).
3, 37
Let g = -58829 - -104853. List the prime factors of g.
2, 11, 523
Suppose -5*p - 20955 = -5*o, 2*o - 4*p = 3525 + 4847. List the prime factors of o.
2, 1049
What are the prime factors of (2 - (-132429)/3) + 30 + -34?
37, 1193
Suppose 822*j = 1161*j - 16704903. What are the prime factors of j?
49277
Suppose 26*v = 13*v - 75*v + 2213112. List the prime factors of v.
3, 83, 101
Suppose -4*v - 105669 = -9*y, 3*y + 4*v - 28082 = 7141. What are the prime factors of y?
59, 199
Suppose -3*m + 17148 + 66082 = 4*t, -5*m + 5*t + 138670 = 0. What are the prime factors of m?
2, 3, 23, 67
Suppose 249639 - 1086957 = -17*s. What are the prime factors of s?
2, 3, 8209
Let j = -60 - -78. Suppose -4*x = -2*f - 5*x + 9, 0 = -2*f + 2*x + j. Suppose 2*t = f*t - 880. What are the prime factors of t?
2, 5, 11
Let f be -1 - -751 - (50 - 44). List the prime factors of f/15*165/6.
2, 11, 31
Let d(u) = -u**3 - 8*u + 14. Let k(o) = -o**2 - o - 1. Let x(b) = -d(b) - 4*k(b). Let j(t) be the first derivative of x(t). List the prime factors of j(-7).
103
Suppose -u - 5*z = 5, -u + 2 = -3*u - 2*z. Suppose -2*r + 0*b + 330 = 2*b, u = 4*r + b - 654. What are the prime factors of r?
163
Let t(r) = 10*r**2 + 2 + 14*r**2 - 8*r - 1 - 13*r**2 + 3*r**2. What are the prime factors of t(-7)?
743
Let u(a) = -a**3 + 5*a**2 + 2*a + 6. Let s be u(6). Suppose 48 = -8*p - 0. What are the prime factors of (16 + -1)*(s/p + -2)?
3, 5
Let c(n) = 3 - 6*n - 24 + n**2 + 2 + 11 + 21*n**2. List the prime factors of c(-5).
2, 11, 13
Let h = -5820 + 11134. What are the prime factors of h?
2, 2657
Let g be (240 - (7 + -14)) + -3. Let q = 366 - g. List the prime factors of q.
2, 61
Suppose -4*j - 9952 = -2*o, -o + 1156 = 2*j - 3836. List the prime factors of o.
2, 7, 89
Let q = -439 - -443. Suppose k = -o + 147 - 11, -528 = -4*o + q*k. List the prime factors of o.
2, 67
Suppose -52707 - 25063 = -7*a. What are the prime factors of a?
2, 5, 11, 101
Suppose 11*l - 18017 = 3*l + 74711. What are the prime factors of l?
67, 173
Suppose -432 - 788 = -4*y + 2*q, 3*q - 1536 = -5*y. Suppose -y = -2*g + 16. Suppose 0 = -8*u + 1079 + g. What are the prime factors of u?
5, 31
Let z be (1 - -2 - -2) + (33 - 35). Suppose -2*k + z*f = -894 + 8, -f + 448 = k. List the prime factors of k.
2, 223
Suppose 0 = 5*v - 7*v + 380. Suppose 0 - v = -5*r. Suppose 2*i = 16 + r. List the prime factors of i.
3
List the prime factors of (4152/(-56))/(2/(-854)).
3, 61, 173
Let q = 2933 - 4500. Let b = -455 - q. List the prime factors of b.
2, 139
List the prime factors of ((-25655)/245)/((-12)/1582) - (-2)/12.
5, 11, 251
Let v = 29766 - 5309. List the prime factors of v.
37, 661
Let d = 3703 - -10772. What are the prime factors of d?
3, 5, 193
Let c = 86 + -78. Suppose o - f - 31 = -4*f, c = 2*f. Let m(q) = 4*q - 54. List the prime factors of m(o).
2, 11
Let x = -333 + 338. Suppose -4*r + 555 + 753 = x*a, -4*r - 1332 = -5*a. What are the prime factors of a?
2, 3, 11
List the prime factors of (-2260)/(-6)*(1 + (-171)/(-18)).
5, 7, 113
Let h(r) = r**3 - 4*r**2 - 11*r - 11. Let o = 77 - 66. What are the prime factors of h(o)?
5, 11, 13
Let o be (0 + -2 + 4)/((-4)/(-26)). Suppose -17 = s - o. Let g(f) = -f**3 - 2*f**2 + 3*f + 4. What are the prime factors of g(s)?
2, 3
Let v(t) = -t**2 + 14*t - 19. Let h be v(12). Let y be ((-15)/h)/(-3) - (1 + 0). List the prime factors of 12/3 + 50 + y/(-1).
2, 3
Let a(d) = 271*d**2 - 11*d + 17. Let o be (-8)/(-3) - (-58)/(-87). List the prime factors of a(o).
13, 83
Let n(l) = -5*l**2 + 3 + l**3 + 16 - 5 + 4*l - 5. Suppose -4*g + 20 = 3*b, -5*b - 3*g + 6*g = -14. List the prime factors of n(b).
3
Let r be (-2)/(2 + -4 + 3). What are the prime factors of 3*(r + 132)/2?
3, 5, 13
Let i = 6850 - 1248. What are the prime factors of i?
2, 2801
Let a(i) = 5*i**2 + 24*i - 152. Let b(p) = -16*p - 198. Let s be b(-13). List the prime